ivided by 39067.
51
Calculate the remainder when 1241707 is divided by 2073.
2053
Calculate the remainder when 2205248 is divided by 55131.
8
What is the remainder when 124876 is divided by 474?
214
What is the remainder when 13423 is divided by 13195?
228
Calculate the remainder when 113889711 is divided by 8301.
8292
What is the remainder when 226803 is divided by 1194?
1137
Calculate the remainder when 31425 is divided by 27147.
4278
Calculate the remainder when 6623920 is divided by 515.
505
Calculate the remainder when 199425235 is divided by 66475077.
4
Calculate the remainder when 24659 is divided by 20.
19
What is the remainder when 269042 is divided by 6998?
3118
What is the remainder when 129201 is divided by 127587?
1614
What is the remainder when 234317 is divided by 24?
5
What is the remainder when 37403896 is divided by 47?
27
Calculate the remainder when 391559 is divided by 5438.
23
What is the remainder when 1239294 is divided by 53853?
675
Calculate the remainder when 94698 is divided by 1895.
1843
What is the remainder when 6087207 is divided by 1392?
1383
Calculate the remainder when 439468 is divided by 73232.
76
Calculate the remainder when 90582 is divided by 1491.
1122
Calculate the remainder when 70672661 is divided by 5889388.
5
Calculate the remainder when 701252 is divided by 1464.
1460
What is the remainder when 17586325 is divided by 18262?
19
Calculate the remainder when 444990 is divided by 960.
510
Calculate the remainder when 1329776 is divided by 438.
8
What is the remainder when 264557 is divided by 2904?
293
Calculate the remainder when 69229858 is divided by 4011.
4009
What is the remainder when 6122871 is divided by 227?
0
What is the remainder when 795190 is divided by 19?
2
What is the remainder when 33286678 is divided by 252?
250
Calculate the remainder when 57039 is divided by 245.
199
Calculate the remainder when 474223 is divided by 158058.
49
What is the remainder when 420941 is divided by 420824?
117
Calculate the remainder when 1867122 is divided by 933541.
40
Calculate the remainder when 169322 is divided by 3006.
986
What is the remainder when 599793 is divided by 846?
825
Calculate the remainder when 7575640 is divided by 344346.
28
Calculate the remainder when 31153661 is divided by 18.
17
What is the remainder when 70545979 is divided by 63?
28
What is the remainder when 10774387 is divided by 71?
66
What is the remainder when 465973 is divided by 86?
25
What is the remainder when 201426 is divided by 50317?
158
What is the remainder when 1683792 is divided by 7162?
722
Calculate the remainder when 305778 is divided by 899.
118
What is the remainder when 63311740 is divided by 7034637?
7
Calculate the remainder when 14304781 is divided by 104.
101
Calculate the remainder when 52810235 is divided by 555897.
20
What is the remainder when 178972 is divided by 22371?
4
What is the remainder when 3347393 is divided by 1673673?
47
Calculate the remainder when 107882 is divided by 51916.
4050
Calculate the remainder when 1886054 is divided by 3224.
14
What is the remainder when 5084184 is divided by 2792?
2744
What is the remainder when 40053309 is divided by 10013310?
69
What is the remainder when 307962 is divided by 307807?
155
What is the remainder when 464549 is divided by 1960?
29
What is the remainder when 175697 is divided by 1244?
293
Calculate the remainder when 8203391 is divided by 87270.
11
What is the remainder when 713371 is divided by 13209?
85
What is the remainder when 1351294 is divided by 1351255?
39
What is the remainder when 60592 is divided by 11049?
5347
Calculate the remainder when 179919 is divided by 931.
236
Calculate the remainder when 124093 is divided by 29512.
6045
What is the remainder when 104696 is divided by 52343?
10
Calculate the remainder when 6912733 is divided by 768081.
4
What is the remainder when 80261 is divided by 8013?
131
Calculate the remainder when 3242 is divided by 27.
2
Calculate the remainder when 50659996 is divided by 298.
294
Calculate the remainder when 33390401 is divided by 78.
5
What is the remainder when 83035259 is divided by 77?
76
What is the remainder when 10286009 is divided by 2571495?
29
What is the remainder when 4218657 is divided by 703102?
45
Calculate the remainder when 3742358 is divided by 3065.
3058
Calculate the remainder when 113904445 is divided by 550.
545
Calculate the remainder when 733411 is divided by 216.
91
What is the remainder when 6455407 is divided by 103?
88
Calculate the remainder when 32062310 is divided by 402.
398
What is the remainder when 5852178 is divided by 5760?
18
What is the remainder when 280311 is divided by 140106?
99
What is the remainder when 167878357 is divided by 940?
937
Calculate the remainder when 1932 is divided by 953.
26
Calculate the remainder when 52783 is divided by 2826.
1915
What is the remainder when 901698 is divided by 1321?
776
Calculate the remainder when 27358407 is divided by 4499.
4487
What is the remainder when 55637 is divided by 93?
23
Calculate the remainder when 28319 is divided by 17.
14
Calculate the remainder when 69299445 is divided by 672810.
15
Calculate the remainder when 2077043 is divided by 387.
14
Calculate the remainder when 105332 is divided by 105097.
235
Calculate the remainder when 24881953 is divided by 951.
940
Calculate the remainder when 10809128 is divided by 360304.
8
Calculate the remainder when 41646000 is divided by 56.
32
What is the remainder when 81308023 is divided by 725?
723
Calculate the remainder when 136691 is divided by 22760.
131
What is the remainder when 14053395 is divided by 14?
13
What is the remainder when 4594671 is divided by 21?
18
Calculate the remainder when 420644 is divided by 758.
712
What is the remainder when 12714922 is divided by 794679?
58
What is the remainder when 4005452 is divided by 67?
58
What is the remainder when 3230439 is divided by 401?
384
What is the remainder when 12003539 is divided by 2296?
51
What is the remainder when 519307 is divided by 436?
31
Calculate the remainder when 392369 is divided by 339.
146
Calculate the remainder when 7853830 is divided by 302070.
10
Calculate the remainder when 8331832 is divided by 128182.
2
Calculate the remainder when 5348853 is divided by 98.
13
Calculate the remainder when 1078608 is divided by 134824.
16
What is the remainder when 45045194 is divided by 617?
492
What is the remainder when 14370 is divided by 14108?
262
What is the remainder when 40885 is divided by 2780?
1965
What is the remainder when 34154 is divided by 1356?
254
Calculate the remainder when 4258644 is divided by 7134.
6780
What is the remainder when 18974030 is divided by 88?
86
Calculate the remainder when 43374792 is divided by 86.
4
What is the remainder when 946868 is divided by 84?
20
Calculate the remainder when 1455298 is divided by 363649.
702
Calculate the remainder when 476623 is divided by 476608.
15
Calculate the remainder when 1293049 is divided by 177.
64
Calculate the remainder when 178627 is divided by 59477.
196
Calculate the remainder when 2448734 is divided by 51014.
62
What is the remainder when 315159 is divided by 547?
87
What is the remainder when 782164 is divided by 30082?
32
Calculate the remainder when 822471 is divided by 16785.
6
What is the remainder when 954449 is divided by 388?
357
Calculate the remainder when 5599273 is divided by 3167.
17
What is the remainder when 2393532 is divided by 299185?
52
What is the remainder when 2422903 is divided by 88?
87
What is the remainder when 8326894 is divided by 2775624?
22
Calculate the remainder when 15088723 is divided by 8.
3
Calculate the remainder when 732911 is divided by 104.
23
Calculate the remainder when 141304 is divided by 2069.
612
What is the remainder when 141480857 is divided by 314?
307
What is the remainder when 42027 is divided by 1653?
702
What is the remainder when 15105370 is divided by 2549?
2545
Calculate the remainder when 80519 is divided by 8946.
5
What is the remainder when 335799852 is divided by 2311?
2308
What is the remainder when 14053 is divided by 3338?
701
Calculate the remainder when 404138 is divided by 52.
46
What is the remainder when 1429676 is divided by 357411?
32